 - 35 = -3*u. Calculate the greatest common factor of u and 117.
13
Let w = -1 - -3. Let n(y) = 3*y**2 + y - 2. Let z be n(w). Let b(r) = -2*r - 8. Let x be b(-7). Calculate the greatest common divisor of z and x.
6
Let k be 2/(1/((-38)/(-4))). Suppose -415 = -2*c - 86*n + 83*n, 4*c = -4*n + 832. Calculate the greatest common factor of k and c.
19
Let x = -203 + 287. Let f be (-1)/3 + (-71)/3. Let p be (3/(-6))/(1/f). Calculate the greatest common factor of p and x.
12
Suppose -2 = 4*m - 130. What is the highest common factor of m and 4?
4
Suppose -4*p + p = -51. What is the greatest common factor of p and 17?
17
Suppose 3*w = 3*s - 0*w - 258, 3*w + 171 = 2*s. Suppose 354 = 5*p - 2*d, 5*p - s - 270 = d. Calculate the highest common divisor of 8 and p.
8
Suppose -5*d + 13 = -4*i, 2*i - 4*i + 2*d - 4 = 0. What is the greatest common factor of 12 and i?
3
Suppose -3*a = -0*a. Suppose 3*f - 3*i - i - 31 = 0, a = -f - 4*i + 21. What is the highest common factor of 13 and f?
13
Suppose -3*v = 9, 69 = 3*t - 0*v - v. Calculate the greatest common divisor of 77 and t.
11
Let h be 2*2 - (8 + -112). What is the highest common factor of 12 and h?
12
Let l(w) = 34*w**2. Let o be l(-1). Suppose 2*i + o = 210. Suppose 0 = -5*b - 0*p - 3*p + i, 0 = -b - p + 18. What is the highest common divisor of b and 17?
17
Suppose 2*w - 6*w = 0. Suppose 4*o = -w*o + 80. Suppose 0 = -2*i + 5 + 5. Calculate the greatest common divisor of o and i.
5
Let s = -11 + 15. What is the highest common factor of s and 4?
4
Let s = 9 + -6. Suppose 3*n + 52 = s*w + 7*n, -4*w + n = -101. Suppose 0 = -2*u + 6*f - 4*f + w, 76 = 5*u - f. What is the highest common divisor of 24 and u?
8
Let a = 11 - -3. What is the greatest common divisor of 154 and a?
14
Let j be 1 - (-50 + 1) - 0. Suppose 41*t + 0*t = 410. What is the greatest common divisor of t and j?
10
Suppose -g + 4*d + 20 = 0, 0 = -4*g - d - 2*d + 137. Let x(v) = -v**2 + 8*v + 4. Let f be x(8). What is the highest common factor of g and f?
4
Let h be 1*0/1*1. Suppose -2*p - 4 - 20 = 0. Let f be h - (-7)/((-14)/p). Calculate the greatest common factor of 36 and f.
6
Suppose 13*p = 3*p + 40. What is the highest common factor of p and 18?
2
Suppose 387 = 5*m + 4*u, u - 318 = -4*m + 2*u. Let p = -25 + m. What is the greatest common factor of 18 and p?
18
Suppose -11 = -4*b + 21. Calculate the greatest common factor of b and 72.
8
Suppose 0 = 3*x - 5*x. Let p be -6 + 61 + x/1. What is the greatest common factor of p and 22?
11
Let k be 23 + -3 + 0/4. Calculate the highest common factor of k and 40.
20
Let w(l) = l**2 + 2*l. Let q be w(2). What is the greatest common factor of q and 56?
8
Let g(d) = 73*d**2 + 2*d. Let a be g(-2). What is the greatest common divisor of 36 and a?
36
Let r(h) be the first derivative of 3/2*h**2 + 7*h + 3. Let p be r(7). What is the greatest common factor of p and 4?
4
Let k be -21*(8/(-2) + -1). What is the greatest common divisor of k and 15?
15
Let n = 66 + -38. Let b be (n/(-6) + 2)*-3. Suppose 0 = -3*p + 5*p - b. What is the highest common divisor of p and 40?
4
Suppose 0*y = 2*y - 68. Let x be 2/6 - y/(-6). Suppose -3*a + 27 = 3*s, -s = a - 3*s - 9. What is the greatest common divisor of x and a?
3
Suppose 3*j - 2 - 13 = 2*g, -2*j = 4*g - 10. Let i(a) = 2*a - 7. Let v be i(j). Suppose -v*m + 162 = -m. What is the greatest common factor of 9 and m?
9
Let x(h) = h**3 - 1 + 0 - 9*h + 1 + 6*h**2. Let c be x(-7). What is the greatest common divisor of c and 7?
7
Let f be 3/((-3)/(-1 + -11)). Let y = 19 - f. What is the highest common factor of y and 49?
7
Let o be 4/(-6)*315/(-30). Let k = -4 + 81. What is the highest common factor of o and k?
7
Let i be 278/7 + (-2)/(-7). Let s be 30 + 9/(0 - 3). Suppose 5*b - 3*f - 68 = s, 3*b + 5*f - 23 = 0. What is the greatest common factor of i and b?
8
Let n be 3/((-3)/(-4)) - -1. Suppose -3*j = q - n, 2*j - 1 = -2*q + 1. Suppose 5 - j = 3*i. What is the highest common factor of 10 and i?
1
Let f = 7 + -4. Suppose f*m - 27 = -3*y, 0 = y - 5*m - 3 + 6. What is the highest common factor of 14 and y?
7
Suppose 2*c - 5*c + 24 = v, -v + 9 = -2*c. Suppose x + 15 = 90. Calculate the highest common factor of v and x.
15
Let t(g) = 72*g. Let s be t(1). What is the greatest common factor of 9 and s?
9
Suppose 2*i - 1 + 6 = 3*n, -5*n - 3*i + 21 = 0. Let h = n + -1. Suppose -h*m + 63 = -m. What is the greatest common factor of 7 and m?
7
Let b = 193 + -297. Let r be (-4)/10 - b/10. Calculate the highest common factor of r and 30.
10
Let y be (-483)/(-12) + (-3)/(-4). Suppose 4*a = y + 7. Calculate the greatest common factor of 96 and a.
12
Let w be (-2)/8 + 381/4. Let b(s) = -s**3 - 3*s**2 + 3. Let c be (1*4)/((-1)/1). Let v be b(c). Calculate the greatest common factor of v and w.
19
Let m(v) = -v**3 + 6*v**2 - 2*v - 6. Let n be m(5). Let k be (-6)/(-9) - (-192)/(-18). Let c = -1 - k. Calculate the highest common divisor of n and c.
9
Let c be 2/(-8) + (-435)/(-12). Suppose -2*z - 24 = -2*r, 2*r = -4*z + 2 + 4. Calculate the greatest common divisor of c and r.
9
Let x(k) = 4*k**2 - 3*k. Let t be x(2). Let r(w) = w**3 + 7*w**2 + 3*w + 7. Let p be r(-6). Calculate the greatest common divisor of p and t.
5
Let g = -1 - -4. Let t(c) = 4*c**3 - 4*c**2 + 3*c - 1. Let z be t(g). Suppose -5*w + 40 = -40. What is the highest common factor of w and z?
16
Suppose 0 = -4*w + 2*b + 18, -2*w + 3*b - b = -6. Let f be -8*(54/(-4))/9. Calculate the highest common factor of w and f.
6
Suppose 4*s - 317 = -5*z, z + 0*s - 57 = -4*s. What is the highest common factor of 13 and z?
13
Let x be 3 + -2 + 15 - 4. Calculate the greatest common divisor of 18 and x.
6
Suppose 4*o + m - 61 = 0, 2*o + 3*o - 4*m = 71. What is the highest common factor of 75 and o?
15
Suppose -b - 2*c - 3*c + 145 = 0, c = -5*b + 701. Let r(q) = -q**3 + 6*q**2 - 4*q + 4. Let y be r(4). What is the greatest common divisor of y and b?
20
Let k(d) = d**3 - 8*d**2 + 8*d + 2. Let c = -5 - -7. Suppose 0*q = -c*q + 14. Let h be k(q). What is the greatest common factor of h and 36?
9
Suppose 2*f - 3 - 3 = 0, f = 2*t - 7. Let s(a) = a - 2. Let p be s(7). Suppose 5*r - 20 - p = 0. What is the greatest common divisor of t and r?
5
Let n be (-116)/29*26/(-2). Calculate the highest common factor of 8 and n.
4
Suppose -4*d = -137 - 15. Calculate the greatest common divisor of 342 and d.
38
Let n be -3*(-1)/1 + 228. Suppose -4*m - 2*t - 8 = -9*m, -3*m - 3*t + 9 = 0. Suppose -j = m*j - n. What is the highest common divisor of j and 11?
11
Let r = 15 - 8. Let p be 4/(-14) - (-457)/r. Let d = -25 - -38. What is the highest common factor of p and d?
13
Let s = 86 - 41. What is the highest common divisor of 5 and s?
5
Suppose -4*j + 160 = 4*j. What is the greatest common factor of j and 5?
5
Let y = -212 - -228. What is the greatest common factor of y and 176?
16
Let j be 6/6 + 8/2. Suppose 2*q + 5*r - 28 = -2*q, 48 = j*q + 3*r. Calculate the highest common divisor of 36 and q.
12
Let s be (25/((-500)/(-144)))/(4/10). Calculate the greatest common factor of s and 36.
18
Let z = -13 + 39. What is the greatest common divisor of z and 39?
13
Let v(o) = -o**3 + 5*o**2 - o + 7. Let j be v(5). Let x be 33 + -2*j/4. What is the highest common factor of x and 48?
16
Suppose -2*q + 420 = 3*q. Suppose q = 7*r - 4*r. What is the greatest common divisor of 4 and r?
4
Suppose 0 + 15 = 3*x. Suppose -2*i + 66 = x*m, -2*m - 3*m - 3*i + 64 = 0. Let s be (-2)/(-6) - m/(-3). What is the greatest common factor of 2 and s?
1
Suppose 0*y = 3*y - 144. Calculate the highest common divisor of 16 and y.
16
Suppose u - 30 = 35. Let h be (-52)/8*8/(-2). Calculate the highest common divisor of u and h.
13
Let t = 254 - 177. Let l be (-28)/3 - (-4)/(-6). Let h = 17 + l. What is the highest common divisor of h and t?
7
Let q(h) = h**2 - 6*h - 5. Let s be q(-5). What is the highest common divisor of s and 20?
10
Let v be (690 + -2 - 0) + -2. Let t = 1087 - v. Suppose -n - t = -5*m + 3*n, m - 83 = -2*n. Calculate the greatest common factor of 9 and m.
9
Suppose 0 = -3*m + 18 - 0. Calculate the greatest common divisor of 3 and m.
3
Suppose -27 = 3*g + m, 37 = -4*g + 5*m + 1. Let v = -87 - g. Let w be (-612)/v + (-4)/(-26). What is the greatest common divisor of 32 and w?
8
L